{"id":43,"date":"2016-12-02T15:02:28","date_gmt":"2016-12-02T15:02:28","guid":{"rendered":"https:\/\/ciadostacografos.com.br\/?page_id=43"},"modified":"2023-04-04T17:18:57","modified_gmt":"2023-04-04T17:18:57","slug":"contato","status":"publish","type":"page","link":"https:\/\/ciadostacografos.com.br\/index.php\/contato\/","title":{"rendered":"Contato"},"content":{"rendered":"<section class=\"wpb-content-wrapper\"><div class=\"vc_row wpb_row vc_row-fluid\"><div class=\"wpb_column vc_column_container vc_col-sm-12 sc_layouts_column_icons_position_left\"><div class=\"vc_column-inner\"><div class=\"wpb_wrapper\"><div class=\"vc_empty_space  hide_on_mobile\"   style=\"height: 8.15em\"><span class=\"vc_empty_space_inner\"><\/span><\/div><\/div><\/div><\/div><\/div><div class=\"vc_row wpb_row vc_row-fluid\"><div class=\"wpb_column vc_column_container vc_col-sm-6 sc_layouts_column_icons_position_left\"><div class=\"vc_column-inner\"><div class=\"wpb_wrapper\"><div class=\"vc_empty_space\"   style=\"height: 0.75em\"><span class=\"vc_empty_space_inner\"><\/span><\/div><h4 style=\"text-align: center\" class=\"vc_custom_heading\" >Dados de Contato<\/h4>\n\t<div class=\"wpb_text_column wpb_content_element \" >\n\t\t<div class=\"wpb_wrapper\">\n\t\t\t<p style=\"text-align: center;\">Av. Fernando Ferrari 525<br \/>\nCachoeirinha, RS \u2013 CEP 94930-075<\/p>\n\n\t\t<\/div>\n\t<\/div>\n<div class=\"vc_empty_space\"   style=\"height: 22px\"><span class=\"vc_empty_space_inner\"><\/span><\/div>\n\t<div class=\"wpb_text_column wpb_content_element \" >\n\t\t<div class=\"wpb_wrapper\">\n\t\t\t<p style=\"text-align: center;\">Telefones: (51) 3041-5138 \/ (51) 99970-2034<\/p>\n\n\t\t<\/div>\n\t<\/div>\n<div class=\"vc_empty_space\"   style=\"height: 20px\"><span class=\"vc_empty_space_inner\"><\/span><\/div>\n\t<div class=\"wpb_text_column wpb_content_element \" >\n\t\t<div class=\"wpb_wrapper\">\n\t\t\t<p style=\"text-align: center;\">E-mail: atendimento@ciadostacografos.com.br<\/p>\n\n\t\t<\/div>\n\t<\/div>\n<div class=\"vc_empty_space\"   style=\"height: 20px\"><span class=\"vc_empty_space_inner\"><\/span><\/div><\/div><\/div><\/div><div class=\"wpb_column vc_column_container vc_col-sm-6 sc_layouts_column_icons_position_left\"><div class=\"vc_column-inner\"><div class=\"wpb_wrapper\"><div id=\"sc_googlemap_1573871432_wrap\" class=\"sc_googlemap_wrap\"><div id=\"sc_googlemap_1573871432\"\r\n\t\t\tclass=\"sc_googlemap sc_googlemap_default border_radius\"\r\n\t\t\t style=\"width:100%;height:370px;\"\t\t\tdata-zoom=\"16\"\r\n\t\t\tdata-style=\"custom\"\r\n\r\n\r\n\t\t><iframe\r\n\t\t\t\tsrc=\"https:\/\/maps.google.com\/maps?t=m&output=embed&iwloc=near&z=16&q=Av.+Fernando+Ferrari+525+Cachoeirinha%2C+RS+%E2%80%93+CEP+94930-075\"\r\n\t\t\t\tscrolling=\"no\"\r\n\t\t\t\tmarginheight=\"0\"\r\n\t\t\t\tmarginwidth=\"0\"\r\n\t\t\t\tframeborder=\"0\"\r\n\t\t\t\taria-label=\"\"><\/iframe><\/div><\/div><!-- \/.sc_googlemap_wrap --><\/div><\/div><\/div><\/div><div class=\"vc_row wpb_row vc_row-fluid\"><div class=\"wpb_column vc_column_container vc_col-sm-12 sc_layouts_column_icons_position_left\"><div class=\"vc_column-inner\"><div class=\"wpb_wrapper\"><div class=\"vc_empty_space\"   style=\"height: 2.2em\"><span class=\"vc_empty_space_inner\"><\/span><\/div><div class=\"vc_empty_space  hide_on_mobile\"   style=\"height: 6em\"><span class=\"vc_empty_space_inner\"><\/span><\/div><\/div><\/div><\/div><\/div><div data-vc-full-width=\"true\" data-vc-full-width-init=\"false\" class=\"vc_row wpb_row vc_row-fluid vc_custom_1481114990034 vc_row-has-fill\"><div class=\"wpb_column vc_column_container vc_col-sm-12 sc_layouts_column_icons_position_left\"><div class=\"vc_column-inner\"><div class=\"wpb_wrapper\"><div class=\"vc_empty_space\"   style=\"height: 2.4em\"><span class=\"vc_empty_space_inner\"><\/span><\/div><h3 style=\"text-align: center\" class=\"vc_custom_heading\" >Fale Conosco<\/h3><div class=\"vc_empty_space\"   style=\"height: 0.85em\"><span class=\"vc_empty_space_inner\"><\/span><\/div><div id=\"sc_content_680656958\"\r\n\t\tclass=\"sc_content sc_content_default sc_float_center sc_align_center sc_content_width_3_4\"><div class=\"sc_content_container\"><div class=\"wpcf7 no-js\" id=\"wpcf7-f834-o1\" lang=\"en-US\" dir=\"ltr\">\n<div class=\"screen-reader-response\"><p role=\"status\" aria-live=\"polite\" aria-atomic=\"true\"><\/p> <ul><\/ul><\/div>\n<form action=\"\/index.php\/wp-json\/wp\/v2\/pages\/43#wpcf7-f834-o1\" method=\"post\" class=\"wpcf7-form init\" aria-label=\"Contact form\" novalidate=\"novalidate\" data-status=\"init\">\n<div style=\"display: none;\">\n<input type=\"hidden\" name=\"_wpcf7\" value=\"834\" \/>\n<input type=\"hidden\" name=\"_wpcf7_version\" value=\"5.7.5.1\" \/>\n<input type=\"hidden\" name=\"_wpcf7_locale\" value=\"en_US\" \/>\n<input type=\"hidden\" name=\"_wpcf7_unit_tag\" value=\"wpcf7-f834-o1\" \/>\n<input type=\"hidden\" name=\"_wpcf7_container_post\" value=\"0\" \/>\n<input type=\"hidden\" name=\"_wpcf7_posted_data_hash\" value=\"\" \/>\n<\/div>\n<div class=\"contact_us\">\n\t<div class='col-md-12 itm row' >\n\t\t<p><span class=\"wpcf7-form-control-wrap\" data-name=\"your-name\"><input size=\"40\" class=\"wpcf7-form-control wpcf7-text wpcf7-validates-as-required\" aria-required=\"true\" aria-invalid=\"false\" placeholder=\"Nome*\" value=\"\" type=\"text\" name=\"your-name\" \/><\/span>\n\t\t<\/p>\n\t<\/div>\n\t<div class='col-md-12 itm row'>\n\t\t<p><span class=\"wpcf7-form-control-wrap\" data-name=\"your-email\"><input size=\"40\" class=\"wpcf7-form-control wpcf7-text wpcf7-validates-as-required\" aria-required=\"true\" aria-invalid=\"false\" placeholder=\"E-mail*\" value=\"\" type=\"text\" name=\"your-email\" \/><\/span>\n\t\t<\/p>\n\t<\/div>\n\t<div class='col-md-12 itm row'>\n\t\t<p><span class=\"wpcf7-form-control-wrap\" data-name=\"your-phone\"><input size=\"40\" class=\"wpcf7-form-control wpcf7-text wpcf7-validates-as-required\" aria-required=\"true\" aria-invalid=\"false\" placeholder=\"Telefone*\" value=\"\" type=\"text\" name=\"your-phone\" \/><\/span>\n\t\t<\/p>\n\t<\/div>\n\t<div class=''>\n\t\t<p><span class=\"wpcf7-form-control-wrap\" data-name=\"your-message\"><textarea cols=\"40\" rows=\"10\" class=\"wpcf7-form-control wpcf7-textarea wpcf7-validates-as-required\" aria-required=\"true\" aria-invalid=\"false\" placeholder=\"Mensagem*\" name=\"your-message\"><\/textarea><\/span>\n\t\t<\/p>\n\t<\/div>\n\t<div class=\"sc_form_field sc_form_field_button sc_form_field_submit\">\n\t\t<p><input class=\"wpcf7-form-control has-spinner wpcf7-submit\" type=\"submit\" value=\"ENVIAR\" \/>\n\t\t<\/p>\n\t<\/div>\n<\/div><div class=\"wpcf7-response-output\" aria-hidden=\"true\"><\/div>\n<\/form>\n<\/div><\/div><\/div><!-- \/.sc_content --><div class=\"vc_empty_space  height_huge\"   style=\"height: 2em\"><span class=\"vc_empty_space_inner\"><\/span><\/div><div class=\"vc_empty_space\"   style=\"height: 1.5em\"><span class=\"vc_empty_space_inner\"><\/span><\/div><\/div><\/div><\/div><\/div><div class=\"vc_row-full-width vc_clearfix\"><\/div>\n<\/section>","protected":false},"excerpt":{"rendered":"Dados de Contato Av. Fernando Ferrari 525 Cachoeirinha, RS \u2013 CEP 94930-075 Telefones: (51) 3041-5138 \/ (51) 99970-2034 E-mail: atendimento@ciadostacografos.com.br Fale Conosco","protected":false},"author":1,"featured_media":0,"parent":0,"menu_order":0,"comment_status":"closed","ping_status":"closed","template":"","meta":{"footnotes":""},"class_list":["post-43","page","type-page","status-publish","hentry"],"yoast_head":"<!-- This site is optimized with the Yoast SEO plugin v23.2 - https:\/\/yoast.com\/wordpress\/plugins\/seo\/ -->\n<title>Contato - Cia dos Tac\u00f3grafos<\/title>\n<meta name=\"description\" content=\"Cia dos Tac\u00f3grafos - As melhores taxas e condi\u00e7\u00f5es de pagamento! Entre em contato conosco e solicite o seu or\u00e7amento: (51) 99970-2034\" \/>\n<meta name=\"robots\" content=\"index, follow, max-snippet:-1, max-image-preview:large, max-video-preview:-1\" \/>\n<link rel=\"canonical\" href=\"https:\/\/ciadostacografos.com.br\/index.php\/contato\/\" \/>\n<meta property=\"og:locale\" content=\"pt_BR\" \/>\n<meta property=\"og:type\" content=\"article\" \/>\n<meta property=\"og:title\" content=\"Contato - Cia dos Tac\u00f3grafos\" \/>\n<meta property=\"og:description\" content=\"Cia dos Tac\u00f3grafos - As melhores taxas e condi\u00e7\u00f5es de pagamento! Entre em contato conosco e solicite o seu or\u00e7amento: (51) 99970-2034\" \/>\n<meta property=\"og:url\" content=\"https:\/\/ciadostacografos.com.br\/index.php\/contato\/\" \/>\n<meta property=\"og:site_name\" content=\"Cia dos Tac\u00f3grafos\" \/>\n<meta property=\"article:publisher\" content=\"https:\/\/www.facebook.com\/ciadostacografos\/\" \/>\n<meta property=\"article:modified_time\" content=\"2023-04-04T17:18:57+00:00\" \/>\n<meta name=\"twitter:card\" content=\"summary_large_image\" \/>\n<meta name=\"twitter:label1\" content=\"Est. tempo de leitura\" \/>\n\t<meta name=\"twitter:data1\" content=\"1 minuto\" \/>\n<script type=\"application\/ld+json\" class=\"yoast-schema-graph\">{\"@context\":\"https:\/\/schema.org\",\"@graph\":[{\"@type\":\"WebPage\",\"@id\":\"https:\/\/ciadostacografos.com.br\/index.php\/contato\/\",\"url\":\"https:\/\/ciadostacografos.com.br\/index.php\/contato\/\",\"name\":\"Contato - Cia dos Tac\u00f3grafos\",\"isPartOf\":{\"@id\":\"https:\/\/ciadostacografos.com.br\/#website\"},\"datePublished\":\"2016-12-02T15:02:28+00:00\",\"dateModified\":\"2023-04-04T17:18:57+00:00\",\"description\":\"Cia dos Tac\u00f3grafos - As melhores taxas e condi\u00e7\u00f5es de pagamento! Entre em contato conosco e solicite o seu or\u00e7amento: (51) 99970-2034\",\"breadcrumb\":{\"@id\":\"https:\/\/ciadostacografos.com.br\/index.php\/contato\/#breadcrumb\"},\"inLanguage\":\"pt-BR\",\"potentialAction\":[{\"@type\":\"ReadAction\",\"target\":[\"https:\/\/ciadostacografos.com.br\/index.php\/contato\/\"]}]},{\"@type\":\"BreadcrumbList\",\"@id\":\"https:\/\/ciadostacografos.com.br\/index.php\/contato\/#breadcrumb\",\"itemListElement\":[{\"@type\":\"ListItem\",\"position\":1,\"name\":\"In\u00edcio\",\"item\":\"https:\/\/ciadostacografos.com.br\/\"},{\"@type\":\"ListItem\",\"position\":2,\"name\":\"Contato\"}]},{\"@type\":\"WebSite\",\"@id\":\"https:\/\/ciadostacografos.com.br\/#website\",\"url\":\"https:\/\/ciadostacografos.com.br\/\",\"name\":\"Cia dos Tac\u00f3grafos\",\"description\":\"(51) 3041-5138 - (51) 99970-2034\",\"publisher\":{\"@id\":\"https:\/\/ciadostacografos.com.br\/#organization\"},\"potentialAction\":[{\"@type\":\"SearchAction\",\"target\":{\"@type\":\"EntryPoint\",\"urlTemplate\":\"https:\/\/ciadostacografos.com.br\/?s={search_term_string}\"},\"query-input\":\"required name=search_term_string\"}],\"inLanguage\":\"pt-BR\"},{\"@type\":\"Organization\",\"@id\":\"https:\/\/ciadostacografos.com.br\/#organization\",\"name\":\"Cia dos Tac\u00f3grafos\",\"url\":\"https:\/\/ciadostacografos.com.br\/\",\"logo\":{\"@type\":\"ImageObject\",\"inLanguage\":\"pt-BR\",\"@id\":\"https:\/\/ciadostacografos.com.br\/#\/schema\/logo\/image\/\",\"url\":\"https:\/\/ciadostacografos.com.br\/wp-content\/uploads\/2023\/02\/395950_6a7581b2c366420c9237700be4618651_mv2.webp\",\"contentUrl\":\"https:\/\/ciadostacografos.com.br\/wp-content\/uploads\/2023\/02\/395950_6a7581b2c366420c9237700be4618651_mv2.webp\",\"width\":518,\"height\":108,\"caption\":\"Cia dos Tac\u00f3grafos\"},\"image\":{\"@id\":\"https:\/\/ciadostacografos.com.br\/#\/schema\/logo\/image\/\"},\"sameAs\":[\"https:\/\/www.facebook.com\/ciadostacografos\/\",\"https:\/\/www.instagram.com\/ciadostacografos\/?hl=pt-br\"]}]}<\/script>\n<!-- \/ Yoast SEO plugin. -->","yoast_head_json":{"title":"Contato - Cia dos Tac\u00f3grafos","description":"Cia dos Tac\u00f3grafos - As melhores taxas e condi\u00e7\u00f5es de pagamento! Entre em contato conosco e solicite o seu or\u00e7amento: (51) 99970-2034","robots":{"index":"index","follow":"follow","max-snippet":"max-snippet:-1","max-image-preview":"max-image-preview:large","max-video-preview":"max-video-preview:-1"},"canonical":"https:\/\/ciadostacografos.com.br\/index.php\/contato\/","og_locale":"pt_BR","og_type":"article","og_title":"Contato - Cia dos Tac\u00f3grafos","og_description":"Cia dos Tac\u00f3grafos - As melhores taxas e condi\u00e7\u00f5es de pagamento! Entre em contato conosco e solicite o seu or\u00e7amento: (51) 99970-2034","og_url":"https:\/\/ciadostacografos.com.br\/index.php\/contato\/","og_site_name":"Cia dos Tac\u00f3grafos","article_publisher":"https:\/\/www.facebook.com\/ciadostacografos\/","article_modified_time":"2023-04-04T17:18:57+00:00","twitter_card":"summary_large_image","twitter_misc":{"Est. tempo de leitura":"1 minuto"},"schema":{"@context":"https:\/\/schema.org","@graph":[{"@type":"WebPage","@id":"https:\/\/ciadostacografos.com.br\/index.php\/contato\/","url":"https:\/\/ciadostacografos.com.br\/index.php\/contato\/","name":"Contato - Cia dos Tac\u00f3grafos","isPartOf":{"@id":"https:\/\/ciadostacografos.com.br\/#website"},"datePublished":"2016-12-02T15:02:28+00:00","dateModified":"2023-04-04T17:18:57+00:00","description":"Cia dos Tac\u00f3grafos - As melhores taxas e condi\u00e7\u00f5es de pagamento! Entre em contato conosco e solicite o seu or\u00e7amento: (51) 99970-2034","breadcrumb":{"@id":"https:\/\/ciadostacografos.com.br\/index.php\/contato\/#breadcrumb"},"inLanguage":"pt-BR","potentialAction":[{"@type":"ReadAction","target":["https:\/\/ciadostacografos.com.br\/index.php\/contato\/"]}]},{"@type":"BreadcrumbList","@id":"https:\/\/ciadostacografos.com.br\/index.php\/contato\/#breadcrumb","itemListElement":[{"@type":"ListItem","position":1,"name":"In\u00edcio","item":"https:\/\/ciadostacografos.com.br\/"},{"@type":"ListItem","position":2,"name":"Contato"}]},{"@type":"WebSite","@id":"https:\/\/ciadostacografos.com.br\/#website","url":"https:\/\/ciadostacografos.com.br\/","name":"Cia dos Tac\u00f3grafos","description":"(51) 3041-5138 - (51) 99970-2034","publisher":{"@id":"https:\/\/ciadostacografos.com.br\/#organization"},"potentialAction":[{"@type":"SearchAction","target":{"@type":"EntryPoint","urlTemplate":"https:\/\/ciadostacografos.com.br\/?s={search_term_string}"},"query-input":"required name=search_term_string"}],"inLanguage":"pt-BR"},{"@type":"Organization","@id":"https:\/\/ciadostacografos.com.br\/#organization","name":"Cia dos Tac\u00f3grafos","url":"https:\/\/ciadostacografos.com.br\/","logo":{"@type":"ImageObject","inLanguage":"pt-BR","@id":"https:\/\/ciadostacografos.com.br\/#\/schema\/logo\/image\/","url":"https:\/\/ciadostacografos.com.br\/wp-content\/uploads\/2023\/02\/395950_6a7581b2c366420c9237700be4618651_mv2.webp","contentUrl":"https:\/\/ciadostacografos.com.br\/wp-content\/uploads\/2023\/02\/395950_6a7581b2c366420c9237700be4618651_mv2.webp","width":518,"height":108,"caption":"Cia dos Tac\u00f3grafos"},"image":{"@id":"https:\/\/ciadostacografos.com.br\/#\/schema\/logo\/image\/"},"sameAs":["https:\/\/www.facebook.com\/ciadostacografos\/","https:\/\/www.instagram.com\/ciadostacografos\/?hl=pt-br"]}]}},"_links":{"self":[{"href":"https:\/\/ciadostacografos.com.br\/index.php\/wp-json\/wp\/v2\/pages\/43","targetHints":{"allow":["GET"]}}],"collection":[{"href":"https:\/\/ciadostacografos.com.br\/index.php\/wp-json\/wp\/v2\/pages"}],"about":[{"href":"https:\/\/ciadostacografos.com.br\/index.php\/wp-json\/wp\/v2\/types\/page"}],"author":[{"embeddable":true,"href":"https:\/\/ciadostacografos.com.br\/index.php\/wp-json\/wp\/v2\/users\/1"}],"replies":[{"embeddable":true,"href":"https:\/\/ciadostacografos.com.br\/index.php\/wp-json\/wp\/v2\/comments?post=43"}],"version-history":[{"count":4,"href":"https:\/\/ciadostacografos.com.br\/index.php\/wp-json\/wp\/v2\/pages\/43\/revisions"}],"predecessor-version":[{"id":968,"href":"https:\/\/ciadostacografos.com.br\/index.php\/wp-json\/wp\/v2\/pages\/43\/revisions\/968"}],"wp:attachment":[{"href":"https:\/\/ciadostacografos.com.br\/index.php\/wp-json\/wp\/v2\/media?parent=43"}],"curies":[{"name":"wp","href":"https:\/\/api.w.org\/{rel}","templated":true}]}}